{"id":1487,"date":"2018-09-20T14:58:11","date_gmt":"2018-09-20T12:58:11","guid":{"rendered":"http:\/\/www.pewe.sk\/uxi\/?page_id=1487"},"modified":"2018-09-20T14:58:11","modified_gmt":"2018-09-20T12:58:11","slug":"staff-and-contacts-2016-2017","status":"publish","type":"page","link":"http:\/\/www.pewe.sk\/uxi\/staff-and-contacts-2016-2017\/","title":{"rendered":"Staff and Contacts 2016-2017"},"content":{"rendered":"<h4><strong>Head<\/strong><\/h4>\n<ul>\n<li><a href=\"http:\/\/www.fiit.stuba.sk\/%7Ebielik\/\">M\u00e1ria Bielikov\u00e1<\/a><\/li>\n<\/ul>\n<p><strong>Assistant<\/strong><\/p>\n<ul>\n<li>\u013dubica Jan\u010da\u0165ov\u00e1<\/li>\n<\/ul>\n<p><em>Contact email<\/em>: lubica.jancatova[at]stuba.sk<\/p>\n<h4><strong>Core research staff<\/strong><\/h4>\n<ul>\n<li>Jozef Tvaro\u017eek (responsible for handling student experiment requests)<\/li>\n<li>Jakub \u0160imko (responsible for handling student experiment requests)<\/li>\n<li>Eduard Kuric<\/li>\n<li>R\u00f3bert M\u00f3ro<\/li>\n<li>Martin Labaj<\/li>\n<li>Patrik Hlav\u00e1\u010d<\/li>\n<li>Martin Kon\u00f4pka<\/li>\n<\/ul>\n<h4><strong>Operation and technical staff<\/strong><\/h4>\n<ul>\n<li>Peter Dem\u010d\u00e1k<\/li>\n<\/ul>\n<h4><strong>Students<\/strong><\/h4>\n<ul>\n<li>Adam Bacho (senior master student)<\/li>\n<li>Peter Dubec (senior master student)<\/li>\n<li>Lenka Kutl\u00edkov\u00e1 (senior master student)<\/li>\n<li>Ale\u0161 M\u00e4siar (senior master student)<\/li>\n<li>Jakub Mrocek (senior master student)<\/li>\n<li>D\u00e1vid Slez\u00e1k (senior master student)<\/li>\n<li>Martin \u0160trb\u00e1k (senior master student)<\/li>\n<li>Jakub Benjam\u00edn Vrba (senior master student)<\/li>\n<li>Veronika Bal\u00e1\u017eov\u00e1 (junior master student)<\/li>\n<li>Patrik Berger (junior master student)<\/li>\n<li>Matej \u010cervenka (junior master student)<\/li>\n<li>M\u00e1ria Drag\u00fa\u0148ov\u00e1 (junior master student)<\/li>\n<li>M\u00e1rio Hunka (junior master student)<\/li>\n<li>Miroslav Hurajt (junior master student)<\/li>\n<li>Tom\u00e1\u0161 Juhaniak (junior master student)<\/li>\n<li>Tom\u00e1\u0161 Matlovi\u010d (junior master student)<\/li>\n<li>Michal Ba\u0148as (senior bachelor student)<\/li>\n<li>Patrik Beka (senior bachelor student)<\/li>\n<li>Luk\u00e1\u0161 Belaj (senior bachelor student)<\/li>\n<li>Erik Chodor\u010duk (senior bachelor student)<\/li>\n<li>Gabriel Cs\u00f6llei (senior bachelor student)<\/li>\n<li>Ronald Demeter (senior bachelor student)<\/li>\n<li>Ondrej Ka\u0161\u010d\u00e1k (senior bachelor student)<\/li>\n<li>Christopher Liebe (senior bachelor student)<\/li>\n<li>Ernest Leureiro (senior bachelor student)<\/li>\n<li>Daniel Machajd\u00edk (senior bachelor student)<\/li>\n<li>Jozef Melicher\u010d\u00ed\u00edk (senior bachelor student)<\/li>\n<li>Michal Mel\u00fach (senior bachelor student)<\/li>\n<li>Luk\u00e1\u0161 Me\u0148hert (senior bachelor student)<\/li>\n<li>Adri\u00e1n Nagy (senior bachelor student)<\/li>\n<li>Luk\u00e1\u0161 Re\u0161ut\u00edk (senior bachelor student)<\/li>\n<li>Marcus Revaj (senior bachelor student)<\/li>\n<li>Milan Sobansk\u00fd (senior bachelor student)<\/li>\n<li>Elena \u0160tefancov\u00e1 (senior bachelor student)<\/li>\n<\/ul>\n","protected":false},"excerpt":{"rendered":"<p>Head M\u00e1ria Bielikov\u00e1 Assistant \u013dubica Jan\u010da\u0165ov\u00e1 Contact email: lubica.jancatova[at]stuba.sk Core research staff Jozef Tvaro\u017eek (responsible for handling student experiment requests) Jakub \u0160imko (responsible [&hellip;]<\/p>\n","protected":false},"author":10,"featured_media":0,"parent":0,"menu_order":0,"comment_status":"closed","ping_status":"closed","template":"","meta":[],"_links":{"self":[{"href":"http:\/\/www.pewe.sk\/uxi\/wp-json\/wp\/v2\/pages\/1487"}],"collection":[{"href":"http:\/\/www.pewe.sk\/uxi\/wp-json\/wp\/v2\/pages"}],"about":[{"href":"http:\/\/www.pewe.sk\/uxi\/wp-json\/wp\/v2\/types\/page"}],"author":[{"embeddable":true,"href":"http:\/\/www.pewe.sk\/uxi\/wp-json\/wp\/v2\/users\/10"}],"replies":[{"embeddable":true,"href":"http:\/\/www.pewe.sk\/uxi\/wp-json\/wp\/v2\/comments?post=1487"}],"version-history":[{"count":1,"href":"http:\/\/www.pewe.sk\/uxi\/wp-json\/wp\/v2\/pages\/1487\/revisions"}],"predecessor-version":[{"id":1488,"href":"http:\/\/www.pewe.sk\/uxi\/wp-json\/wp\/v2\/pages\/1487\/revisions\/1488"}],"wp:attachment":[{"href":"http:\/\/www.pewe.sk\/uxi\/wp-json\/wp\/v2\/media?parent=1487"}],"curies":[{"name":"wp","href":"https:\/\/api.w.org\/{rel}","templated":true}]}}