{"id":1762,"date":"2019-10-07T10:09:05","date_gmt":"2019-10-07T08:09:05","guid":{"rendered":"http:\/\/www.pewe.sk\/uxi\/?page_id=1762"},"modified":"2019-10-07T10:21:18","modified_gmt":"2019-10-07T08:21:18","slug":"staff-and-contacts-2018-2019","status":"publish","type":"page","link":"https:\/\/www.pewe.sk\/uxi\/staff-and-contacts-2018-2019\/","title":{"rendered":"Staff and Contacts 2018-2019"},"content":{"rendered":"\n<h1>Staff and Contacts<\/h1>\n\n\n\n<h4><strong>Head<\/strong><\/h4>\n\n\n\n<h4>M\u00e1ria Bielikov\u00e1<\/h4>\n\n\n\n<h4><\/h4>\n\n\n\n<p><strong>Assistan<\/strong><strong>t<\/strong><\/p>\n\n\n\n<ul><li>\u013dubica Jan\u010da\u0165ov\u00e1<\/li><\/ul>\n\n\n\n<p><em>Contact email<\/em>: lubica.jancatova[at]stuba.sk<\/p>\n\n\n\n<h4><strong>Core research staff<\/strong><\/h4>\n\n\n\n<ul><li>Jozef Tvaro\u017eek (responsible for handling student experiment requests) <\/li><li>Jakub \u0160imko (responsible for handling student experiment requests)<\/li><li>Eduard Kuric<\/li><li>R\u00f3bert M\u00f3ro<\/li><li>Martin Labaj<\/li><li>Patrik Hlav\u00e1\u010d<\/li><li>Martin Kon\u00f4pka <\/li><\/ul>\n\n\n\n<h4><strong>Operation and technical staff<\/strong><\/h4>\n\n\n\n<ul><li>Peter Dem\u010d\u00e1k<\/li><\/ul>\n\n\n\n<h4><strong>Students<\/strong><\/h4>\n\n\n\n<ul><li>Peter Bako\u0161&nbsp;(senior master student)<\/li><li>Maria Dlha&nbsp;(senior master student)<\/li><li>Michal Hucko&nbsp;(senior master student)<\/li><li>Vladim\u00edr Kuch\u00e1r&nbsp;(senior master student)<\/li><li>Michal Mel\u00fach&nbsp;(senior master student)<\/li><li>Adri\u00e1n Nagy&nbsp;(senior master student)<\/li><li>Michal Ol\u00e1h&nbsp;(senior master student)<\/li><li>Valent\u00edn Paulen&nbsp;(senior master student)<\/li><li>Luk\u00e1\u0161 Re\u0161ut\u00edk&nbsp;(senior master student)<\/li><li>\u013dubom\u00edr Samotn\u00fd&nbsp;(senior master student)<\/li><li>Adam Str\u00e1sky&nbsp;(senior master student)<\/li><li>Tatiana \u0160lesarikov\u00e1&nbsp;(senior master student)<\/li><li>Matej Valky&nbsp;(senior master student)<\/li><li>Andrej Vitek&nbsp;(senior master student)<\/li><li>Roderik Williger (senior master student)<\/li><li>Daniela Sit\u00e1rov\u00e1 (junior master student)<\/li><li>Andrej Slaninka (junior master student)<\/li><li>J\u00e1n Vnen\u010d\u00e1k (junior master student)<\/li><li>Martin \u017d\u00e1k (junior master student)<\/li><li>Martin Civ\u00e1\u0148 (bachelor student)<\/li><li>Gabriel Csikm\u00e1k (bachelor student)<\/li><li>Matej \u010cief (bachelor student)<\/li><li>Silvia Glomb\u00edkov\u00e1 (bachelor student)<\/li><li>Martina Han\u00e1kov\u00e1 (bachelor student)<\/li><li>Patrik Kov\u00e1cs (bachelor student)<\/li><li>Filip Loja (bachelor student)<\/li><li>Andrej Nejedl\u00edk (bachelor student)<\/li><li>Andrej Neme\u010dek (bachelor student)<\/li><li>Patrik Racsko (bachelor student)<\/li><li>Dominik \u0160tefani\u010dka (bachelor student)<\/li><li>Michal Zajic (bachelor student)<\/li><\/ul>\n","protected":false},"excerpt":{"rendered":"<p>Staff and Contacts Head M\u00e1ria Bielikov\u00e1 Assistant \u013dubica Jan\u010da\u0165ov\u00e1 Contact email: lubica.jancatova[at]stuba.sk Core research staff Jozef Tvaro\u017eek (responsible for handling student experiment requests) [&hellip;]<\/p>\n","protected":false},"author":10,"featured_media":0,"parent":0,"menu_order":0,"comment_status":"closed","ping_status":"closed","template":"","meta":[],"_links":{"self":[{"href":"https:\/\/www.pewe.sk\/uxi\/wp-json\/wp\/v2\/pages\/1762"}],"collection":[{"href":"https:\/\/www.pewe.sk\/uxi\/wp-json\/wp\/v2\/pages"}],"about":[{"href":"https:\/\/www.pewe.sk\/uxi\/wp-json\/wp\/v2\/types\/page"}],"author":[{"embeddable":true,"href":"https:\/\/www.pewe.sk\/uxi\/wp-json\/wp\/v2\/users\/10"}],"replies":[{"embeddable":true,"href":"https:\/\/www.pewe.sk\/uxi\/wp-json\/wp\/v2\/comments?post=1762"}],"version-history":[{"count":2,"href":"https:\/\/www.pewe.sk\/uxi\/wp-json\/wp\/v2\/pages\/1762\/revisions"}],"predecessor-version":[{"id":1764,"href":"https:\/\/www.pewe.sk\/uxi\/wp-json\/wp\/v2\/pages\/1762\/revisions\/1764"}],"wp:attachment":[{"href":"https:\/\/www.pewe.sk\/uxi\/wp-json\/wp\/v2\/media?parent=1762"}],"curies":[{"name":"wp","href":"https:\/\/api.w.org\/{rel}","templated":true}]}}